{"id":30265,"date":"2018-11-18T22:27:30","date_gmt":"2018-11-18T21:27:30","guid":{"rendered":"https:\/\/lessentiel-chez-raphael.bio\/?page_id=30265"},"modified":"2024-04-02T10:57:16","modified_gmt":"2024-04-02T08:57:16","slug":"accueil","status":"publish","type":"page","link":"https:\/\/lessentiel-chez-raphael.bio\/","title":{"rendered":"\u00c0 propos de nous"},"content":{"rendered":"<p>[et_pb_section fb_built=\u00a0\u00bb1&Prime; fullwidth=\u00a0\u00bbon\u00a0\u00bb disabled_on=\u00a0\u00bboff|off|off\u00a0\u00bb admin_label=\u00a0\u00bbHero\u00a0\u00bb _builder_version=\u00a0\u00bb4.11.3&Prime; background_color=\u00a0\u00bb#1f1f1f\u00a0\u00bb background_image=\u00a0\u00bbhttps:\/\/lessentiel-chez-raphael.bio\/wp-content\/uploads\/2021\/10\/le\u0301gu.png\u00a0\u00bb parallax=\u00a0\u00bbon\u00a0\u00bb transform_scale=\u00a0\u00bb108%|108%\u00a0\u00bb transform_translate=\u00a0\u00bb6px|-6px\u00a0\u00bb max_width=\u00a0\u00bb100%\u00a0\u00bb min_height=\u00a0\u00bb359px\u00a0\u00bb height=\u00a0\u00bb1000px\u00a0\u00bb max_height=\u00a0\u00bb1000px\u00a0\u00bb custom_margin=\u00a0\u00bb||-106px|||\u00a0\u00bb custom_padding=\u00a0\u00bb|0px|3px|34px||\u00a0\u00bb transparent_background=\u00a0\u00bbon\u00a0\u00bb global_colors_info=\u00a0\u00bb{}\u00a0\u00bb][et_pb_fullwidth_header text_orientation=\u00a0\u00bbcenter\u00a0\u00bb header_fullscreen=\u00a0\u00bbon\u00a0\u00bb button_one_url=\u00a0\u00bbhttps:\/\/lessentiel-chez-raphael.bio\/emplacements\/\u00a0\u00bb button_two_url=\u00a0\u00bbhttps:\/\/lessentiel-chez-raphael.bio\/nos-valeurs\/\u00a0\u00bb background_overlay_color=\u00a0\u00bbRGBA(0,0,0,0)\u00a0\u00bb logo_image_url=\u00a0\u00bbhttps:\/\/lessentiel-chez-raphael.bio\/wp-content\/uploads\/2018\/12\/LOGO2-avec-bordure-blanche.png\u00a0\u00bb content_max_width=\u00a0\u00bb28%\u00a0\u00bb button_two_text_tablet=\u00a0\u00bb\u00a0\u00bb button_two_text_phone=\u00a0\u00bb\u00a0\u00bb button_two_text_last_edited=\u00a0\u00bbon|phone\u00a0\u00bb _builder_version=\u00a0\u00bb4.11.3&Prime; title_level=\u00a0\u00bbh6&Prime; title_font=\u00a0\u00bbPlayfair Display||||\u00a0\u00bb title_text_color=\u00a0\u00bb#ffffff\u00a0\u00bb title_font_size=\u00a0\u00bb72px\u00a0\u00bb title_line_height=\u00a0\u00bb1.3em\u00a0\u00bb content_font=\u00a0\u00bbMontserrat||||||||\u00a0\u00bb content_text_align=\u00a0\u00bbcenter\u00a0\u00bb content_text_color=\u00a0\u00bbrgba(188,132,113,0.92)\u00a0\u00bb content_font_size=\u00a0\u00bb22px\u00a0\u00bb content_letter_spacing=\u00a0\u00bb1px\u00a0\u00bb content_line_height=\u00a0\u00bb1.9em\u00a0\u00bb subhead_font=\u00a0\u00bbMontserrat||||\u00a0\u00bb subhead_text_color=\u00a0\u00bb#bebebe\u00a0\u00bb subhead_line_height=\u00a0\u00bb1.8em\u00a0\u00bb content_quote_text_align=\u00a0\u00bbcenter\u00a0\u00bb background_color=\u00a0\u00bbrgba(255, 255, 255, 0)\u00a0\u00bb background_enable_image=\u00a0\u00bboff\u00a0\u00bb custom_button_one=\u00a0\u00bbon\u00a0\u00bb button_one_text_size=\u00a0\u00bb11px\u00a0\u00bb button_one_text_color=\u00a0\u00bb#ffffff\u00a0\u00bb button_one_border_color=\u00a0\u00bbrgba(216,164,149,0.64)\u00a0\u00bb button_one_border_radius=\u00a0\u00bb0px\u00a0\u00bb button_one_letter_spacing=\u00a0\u00bb3px\u00a0\u00bb button_one_font=\u00a0\u00bbMontserrat|||on|\u00a0\u00bb button_one_use_icon=\u00a0\u00bboff\u00a0\u00bb button_one_custom_margin=\u00a0\u00bb45px|1px||-26px|false|false\u00a0\u00bb custom_button_two=\u00a0\u00bbon\u00a0\u00bb button_two_text_size=\u00a0\u00bb15px\u00a0\u00bb button_two_text_color=\u00a0\u00bb#ffffff\u00a0\u00bb button_two_bg_color=\u00a0\u00bb#000000&Prime; button_two_border_color=\u00a0\u00bbrgba(204,106,81,0.77)\u00a0\u00bb button_two_border_radius=\u00a0\u00bb0px\u00a0\u00bb button_two_letter_spacing=\u00a0\u00bb1px\u00a0\u00bb button_two_font=\u00a0\u00bbMontserrat|||on|\u00a0\u00bb button_two_use_icon=\u00a0\u00bboff\u00a0\u00bb button_two_custom_margin=\u00a0\u00bb41px||32px||false|false\u00a0\u00bb button_two_custom_padding=\u00a0\u00bb0px||4px||false|false\u00a0\u00bb transform_scale=\u00a0\u00bb104%|104%\u00a0\u00bb transform_translate=\u00a0\u00bb9px|-1px\u00a0\u00bb horizontal_offset=\u00a0\u00bb0px\u00a0\u00bb vertical_offset_tablet=\u00a0\u00bb\u00a0\u00bb vertical_offset_phone=\u00a0\u00bb0px\u00a0\u00bb vertical_offset_last_edited=\u00a0\u00bbon|phone\u00a0\u00bb horizontal_offset_tablet=\u00a0\u00bb\u00a0\u00bb horizontal_offset_phone=\u00a0\u00bb1px\u00a0\u00bb horizontal_offset_last_edited=\u00a0\u00bbon|phone\u00a0\u00bb width=\u00a0\u00bb99.6%\u00a0\u00bb max_width_tablet=\u00a0\u00bb50px\u00a0\u00bb min_height=\u00a0\u00bb1654px\u00a0\u00bb custom_margin=\u00a0\u00bb-119px|-12px|2px|-30px|false|false\u00a0\u00bb custom_padding=\u00a0\u00bb10.3%|2px|10.3%|0px|true|false\u00a0\u00bb filter_saturate=\u00a0\u00bb104%\u00a0\u00bb filter_brightness=\u00a0\u00bb160%\u00a0\u00bb filter_contrast=\u00a0\u00bb88%\u00a0\u00bb child_filter_saturate=\u00a0\u00bb75%\u00a0\u00bb child_filter_brightness=\u00a0\u00bb69%\u00a0\u00bb child_filter_contrast=\u00a0\u00bb121%\u00a0\u00bb animation_style=\u00a0\u00bbfade\u00a0\u00bb animation_duration=\u00a0\u00bb700ms\u00a0\u00bb animation_speed_curve=\u00a0\u00bbease\u00a0\u00bb title_line_height_last_edited=\u00a0\u00bboff|desktop\u00a0\u00bb title_text_shadow_style=\u00a0\u00bbpreset5&Prime; content_text_shadow_style=\u00a0\u00bbpreset5&Prime; content_text_shadow_horizontal_length=\u00a0\u00bb0.02em\u00a0\u00bb border_radii_image=\u00a0\u00bboff||||\u00a0\u00bb border_color_all_image=\u00a0\u00bbRGBA(0,0,0,0)\u00a0\u00bb text_shadow_style=\u00a0\u00bbpreset5&Prime; text_shadow_color=\u00a0\u00bbrgba(226,226,226,0.4)\u00a0\u00bb global_colors_info=\u00a0\u00bb{}\u00a0\u00bb button_one_text_size__hover_enabled=\u00a0\u00bboff\u00a0\u00bb button_one_text_size__hover=\u00a0\u00bbnull\u00a0\u00bb button_two_text_size__hover_enabled=\u00a0\u00bboff\u00a0\u00bb button_two_text_size__hover=\u00a0\u00bbnull\u00a0\u00bb button_one_text_color__hover_enabled=\u00a0\u00bboff\u00a0\u00bb button_one_text_color__hover=\u00a0\u00bbnull\u00a0\u00bb button_two_text_color__hover_enabled=\u00a0\u00bboff\u00a0\u00bb button_two_text_color__hover=\u00a0\u00bbnull\u00a0\u00bb button_one_border_width__hover_enabled=\u00a0\u00bboff\u00a0\u00bb button_one_border_width__hover=\u00a0\u00bbnull\u00a0\u00bb button_two_border_width__hover_enabled=\u00a0\u00bboff\u00a0\u00bb button_two_border_width__hover=\u00a0\u00bbnull\u00a0\u00bb button_one_border_color__hover_enabled=\u00a0\u00bboff\u00a0\u00bb button_one_border_color__hover=\u00a0\u00bbnull\u00a0\u00bb button_two_border_color__hover_enabled=\u00a0\u00bboff\u00a0\u00bb button_two_border_color__hover=\u00a0\u00bbnull\u00a0\u00bb button_one_border_radius__hover_enabled=\u00a0\u00bboff\u00a0\u00bb button_one_border_radius__hover=\u00a0\u00bbnull\u00a0\u00bb button_two_border_radius__hover_enabled=\u00a0\u00bboff\u00a0\u00bb button_two_border_radius__hover=\u00a0\u00bbnull\u00a0\u00bb button_one_letter_spacing__hover_enabled=\u00a0\u00bboff\u00a0\u00bb button_one_letter_spacing__hover=\u00a0\u00bbnull\u00a0\u00bb button_two_letter_spacing__hover_enabled=\u00a0\u00bboff\u00a0\u00bb button_two_letter_spacing__hover=\u00a0\u00bbnull\u00a0\u00bb button_one_bg_color__hover_enabled=\u00a0\u00bboff\u00a0\u00bb button_one_bg_color__hover=\u00a0\u00bbnull\u00a0\u00bb button_two_bg_color__hover_enabled=\u00a0\u00bboff\u00a0\u00bb button_two_bg_color__hover=\u00a0\u00bbnull\u00a0\u00bb button_two_text__hover_enabled=\u00a0\u00bbon|desktop\u00a0\u00bb]<\/p>\n<h2><\/h2>\n<p>&nbsp;<\/p>\n<h2 style=\"text-align: center;\"><span style=\"color: rgba(43, 15, 0, 0.91);\"><strong>FOOD TRUCK ET TRAITEUR <\/strong><\/span><\/h2>\n<p style=\"text-align: center;\"><span style=\"color: rgba(201, 33, 0, 0.72156862745098);\">Cuisine v\u00e9g\u00e9tale et bio<\/span><\/p>\n<p style=\"text-align: center;\"><span style=\"color: #384400;\"><\/span><\/p>\n<p style=\"text-align: center;\">[\/et_pb_fullwidth_header][\/et_pb_section][et_pb_section fb_built=\u00a0\u00bb1&Prime; _builder_version=\u00a0\u00bb4.6.6&Prime; _module_preset=\u00a0\u00bbdefault\u00a0\u00bb min_height=\u00a0\u00bb15px\u00a0\u00bb custom_margin=\u00a0\u00bb-27px|||||\u00a0\u00bb custom_padding=\u00a0\u00bb0px||25px|||\u00a0\u00bb global_colors_info=\u00a0\u00bb{}\u00a0\u00bb][et_pb_row _builder_version=\u00a0\u00bb4.6.6&Prime; _module_preset=\u00a0\u00bbdefault\u00a0\u00bb min_height=\u00a0\u00bb827px\u00a0\u00bb custom_margin=\u00a0\u00bb-60px|auto||auto||\u00a0\u00bb custom_padding=\u00a0\u00bb73px||0px|||\u00a0\u00bb global_colors_info=\u00a0\u00bb{}\u00a0\u00bb][et_pb_column type=\u00a0\u00bb4_4&Prime; _builder_version=\u00a0\u00bb4.6.6&Prime; _module_preset=\u00a0\u00bbdefault\u00a0\u00bb global_colors_info=\u00a0\u00bb{}\u00a0\u00bb][et_pb_text _builder_version=\u00a0\u00bb4.6.6&Prime; _module_preset=\u00a0\u00bbdefault\u00a0\u00bb custom_margin=\u00a0\u00bb||4px|||\u00a0\u00bb global_colors_info=\u00a0\u00bb{}\u00a0\u00bb]<\/p>\n<h1 style=\"text-align: left;\"><span style=\"color: #000000;\"><strong>QUI SOMMES-NOUS ?<\/strong><\/span><\/h1>\n<div class=\"page\" title=\"Page 1\" style=\"text-align: center;\">\n<div class=\"layoutArea\">\n<div class=\"column\"><span><\/span><\/div>\n<div class=\"column\"><span><\/span><\/div>\n<\/div>\n<\/div>\n<div class=\"page\" title=\"Page 1\">\n<div class=\"layoutArea\">\n<div class=\"column\" style=\"text-align: center;\"><\/div>\n<\/div>\n<\/div>\n<p><span style=\"color: #000000;\"><strong><\/strong><\/span><\/p>\n<p>[\/et_pb_text][et_pb_divider color=\u00a0\u00bb#d82417&Prime; divider_style=\u00a0\u00bbdouble\u00a0\u00bb divider_weight=\u00a0\u00bb10px\u00a0\u00bb _builder_version=\u00a0\u00bb4.11.3&Prime; _module_preset=\u00a0\u00bbdefault\u00a0\u00bb width=\u00a0\u00bb8%\u00a0\u00bb max_width=\u00a0\u00bb100%\u00a0\u00bb global_colors_info=\u00a0\u00bb{}\u00a0\u00bb][\/et_pb_divider][et_pb_text _builder_version=\u00a0\u00bb4.11.3&Prime; _module_preset=\u00a0\u00bbdefault\u00a0\u00bb custom_margin=\u00a0\u00bb-24px||36px|||\u00a0\u00bb global_colors_info=\u00a0\u00bb{}\u00a0\u00bb]<\/p>\n<h2 style=\"text-align: left;\"><\/h2>\n<p style=\"text-align: left;\"><span>Votre<a href=\"https:\/\/lessentiel-chez-raphael.bio\/food-truck\/\"><span style=\"color: #333333;\"><strong> Food Truck<\/strong><\/span><\/a> et <a href=\"https:\/\/lessentiel-chez-raphael.bio\/traiteur\/\"><span style=\"color: #281800;\"><strong>traiteur<\/strong><\/span><\/a> en cuisine v\u00e9g\u00e9tale, certifi\u00e9e BIO et respectueuse de l&rsquo;environnement !<\/span><\/p>\n<div class=\"page\" title=\"Page 1\" style=\"text-align: left;\">\n<div class=\"layoutArea\">\n<div class=\"column\"><span>Pre\u0301sent dans les alentours de <\/span><span>Strasbourg <\/span><span>depuis maintenant plus de 7 ans, notre food truck est un des rares en France a\u0300 e\u0302tre <\/span><span>certifie\u0301 en restauration biologique <\/span><span>et qui propose une <\/span><span>cuisine ve\u0301ge\u0301tale <\/span><span>dans le Bas-Rhin.<\/span><\/div>\n<div class=\"column\"><span><\/span><\/div>\n<div class=\"column\"><span><\/span><\/div>\n<div class=\"column\"><span><\/span><\/div>\n<div class=\"column\"><span><\/span><\/div>\n<div class=\"column\"><span><\/span><\/div>\n<div class=\"column\"><span><\/span><\/div>\n<\/div>\n<\/div>\n<div class=\"page\" title=\"Page 1\">\n<div class=\"layoutArea\">\n<div class=\"column\" style=\"text-align: left;\"><span>\u00a0<\/span><\/div>\n<div class=\"column\" style=\"text-align: left;\"><span>Nous sommes reconnus pour la qualite\u0301 de nos re\u0301alisations : des <\/span><span><strong>plats soigne\u0301s<\/strong>, <strong>raffine\u0301s<\/strong> et <strong>diversifie\u0301s <\/strong><\/span><span>autant pour notre activite\u0301 traiteur que pour la vente au food truck. Nous aimons innover, varier nos plats et proposer une <\/span><span>carte renouvele\u0301e, inspire\u0301e de la cuisine du monde, en gastronomie v\u00e9ge\u0301tale. <\/span><\/div>\n<div class=\"column\" style=\"text-align: left;\"><span><\/span><\/div>\n<div class=\"column\" style=\"text-align: left;\"><span>\u00a0<\/span><\/div>\n<div class=\"column\" style=\"text-align: left;\"><span>Notre activite\u0301 s\u2019appuie sur 15 ans d\u2019expe\u0301rience (depuis l\u2019ouverture du restaurant bio <\/span><span>\u00ab L\u2019essentiel chez Raphae\u0308l \u00bb <\/span><span>en 2011). <\/span><\/div>\n<\/div>\n<\/div>\n<p><span style=\"color: #000000;\"><strong><\/strong><\/span><\/p>\n<p>[\/et_pb_text][et_pb_text _builder_version=\u00a0\u00bb4.6.6&Prime; _module_preset=\u00a0\u00bbdefault\u00a0\u00bb min_height=\u00a0\u00bb83px\u00a0\u00bb custom_margin=\u00a0\u00bb1px||-12px|||\u00a0\u00bb custom_padding=\u00a0\u00bb14px|||||\u00a0\u00bb global_colors_info=\u00a0\u00bb{}\u00a0\u00bb]<\/p>\n<h2><span style=\"color: #000000;\">DES ENGAGEMENTS FONDAMENTAUX<\/span><\/h2>\n<p>[\/et_pb_text][et_pb_divider color=\u00a0\u00bbrgba(216,48,45,0.94)\u00a0\u00bb divider_style=\u00a0\u00bbdouble\u00a0\u00bb divider_weight=\u00a0\u00bb10px\u00a0\u00bb _builder_version=\u00a0\u00bb4.11.3&Prime; _module_preset=\u00a0\u00bbdefault\u00a0\u00bb width=\u00a0\u00bb8%\u00a0\u00bb max_width=\u00a0\u00bb100%\u00a0\u00bb min_height=\u00a0\u00bb9px\u00a0\u00bb custom_margin=\u00a0\u00bb||10px|||\u00a0\u00bb global_colors_info=\u00a0\u00bb{}\u00a0\u00bb][\/et_pb_divider][et_pb_text _builder_version=\u00a0\u00bb4.11.3&Prime; _module_preset=\u00a0\u00bbdefault\u00a0\u00bb min_height=\u00a0\u00bb145px\u00a0\u00bb custom_margin=\u00a0\u00bb11px||-33px|||\u00a0\u00bb global_colors_info=\u00a0\u00bb{}\u00a0\u00bb]<\/p>\n<h4><span style=\"font-size: 15px; background-color: #ffffff; color: rgba(30, 15, 0, 0.88);\"><strong>Certification biologique\u00a0<\/strong><\/span><\/h4>\n<p><span style=\"font-size: 15px; background-color: #ffffff;\">Nous sommes, en effet, l&rsquo;un des rares en France \u00e0 \u00eatre certifi\u00e9 en biologique. Nous portons une attention particuli\u00e8re \u00e0 la qualit\u00e9 des produits que nous utilisons pour cuisiner. Tout en respectant le calendrier des fruits et l\u00e9gumes de saison et en privil\u00e9giant la production locale.\u00a0<\/span><\/p>\n<p><span style=\"font-size: 15px; background-color: #ffffff;\"><\/span><\/p>\n<h4><span style=\"font-size: 15px; color: rgba(22, 13, 0, 0.8);\"><strong><span style=\"background-color: #ffffff;\">Cuisine v\u00e9g\u00e9tale<\/span><\/strong><\/span><\/h4>\n<p>Un type de gastronomie innovant, sain, gourmand et surtout respectueux.<\/p>\n<p>&nbsp;<\/p>\n<h4><span style=\"font-size: 15px; color: rgba(22, 17, 0, 0.82);\"><strong><span style=\"background-color: #ffffff;\">Engagement z\u00e9ro d\u00e9chet<\/span><\/strong><\/span><\/h4>\n<p><span style=\"font-size: 15px;\"><span style=\"background-color: #ffffff;\">A<span>ujourd&rsquo;hui, l<\/span>a restauration est une des industries les plus polluantes. C&rsquo;est pourquoi nous souhaitons avoir le moins d&rsquo;impact environnemental possible. On vous en dit plus sur nos pratiques z\u00e9ro d\u00e9chet (&#8230;)<\/span><\/span><\/p>\n<p><span style=\"font-size: 15px;\"><span style=\"background-color: #ffffff;\"><\/span><\/span><\/p>\n<p>D\u00e9couvrez-en plus :<span style=\"font-size: 15px;\"><span style=\"background-color: #ffffff;\"><\/span><\/span><\/p>\n<p>&nbsp;<\/p>\n<p>[\/et_pb_text][et_pb_button button_url=\u00a0\u00bbhttps:\/\/lessentiel-chez-raphael.bio\/nos-valeurs\/\u00a0\u00bb button_text=\u00a0\u00bbNOS ENGAGEMENTS\u00a0\u00bb _builder_version=\u00a0\u00bb4.11.3&Prime; _module_preset=\u00a0\u00bbdefault\u00a0\u00bb custom_button=\u00a0\u00bbon\u00a0\u00bb button_text_size=\u00a0\u00bb17px\u00a0\u00bb button_text_color=\u00a0\u00bb#FFFFFF\u00a0\u00bb button_bg_color=\u00a0\u00bb#d1291d\u00a0\u00bb button_border_width=\u00a0\u00bb0px\u00a0\u00bb button_border_color=\u00a0\u00bbrgba(0,0,0,0)\u00a0\u00bb button_border_radius=\u00a0\u00bb16px\u00a0\u00bb button_letter_spacing=\u00a0\u00bb1px\u00a0\u00bb button_icon=\u00a0\u00bb%%3%%\u00a0\u00bb custom_margin=\u00a0\u00bb11px||8px||false|false\u00a0\u00bb global_colors_info=\u00a0\u00bb{}\u00a0\u00bb][\/et_pb_button][\/et_pb_column][\/et_pb_row][\/et_pb_section]<\/p>\n","protected":false},"excerpt":{"rendered":"<p>&nbsp; FOOD TRUCK ET TRAITEUR Cuisine v\u00e9g\u00e9tale et bio QUI SOMMES-NOUS ? Votre Food Truck et traiteur en cuisine v\u00e9g\u00e9tale, certifi\u00e9e BIO et respectueuse de l&rsquo;environnement ! Pre\u0301sent dans les alentours de Strasbourg depuis maintenant plus de 7 ans, notre food truck est un des rares en France a\u0300 e\u0302tre certifie\u0301 en restauration biologique et [&hellip;]<\/p>\n","protected":false},"author":1,"featured_media":0,"parent":0,"menu_order":0,"comment_status":"closed","ping_status":"closed","template":"","meta":{"_et_pb_use_builder":"on","_et_pb_old_content":"","_et_gb_content_width":""},"_links":{"self":[{"href":"https:\/\/lessentiel-chez-raphael.bio\/index.php?rest_route=\/wp\/v2\/pages\/30265"}],"collection":[{"href":"https:\/\/lessentiel-chez-raphael.bio\/index.php?rest_route=\/wp\/v2\/pages"}],"about":[{"href":"https:\/\/lessentiel-chez-raphael.bio\/index.php?rest_route=\/wp\/v2\/types\/page"}],"author":[{"embeddable":true,"href":"https:\/\/lessentiel-chez-raphael.bio\/index.php?rest_route=\/wp\/v2\/users\/1"}],"replies":[{"embeddable":true,"href":"https:\/\/lessentiel-chez-raphael.bio\/index.php?rest_route=%2Fwp%2Fv2%2Fcomments&post=30265"}],"version-history":[{"count":107,"href":"https:\/\/lessentiel-chez-raphael.bio\/index.php?rest_route=\/wp\/v2\/pages\/30265\/revisions"}],"predecessor-version":[{"id":32329,"href":"https:\/\/lessentiel-chez-raphael.bio\/index.php?rest_route=\/wp\/v2\/pages\/30265\/revisions\/32329"}],"wp:attachment":[{"href":"https:\/\/lessentiel-chez-raphael.bio\/index.php?rest_route=%2Fwp%2Fv2%2Fmedia&parent=30265"}],"curies":[{"name":"wp","href":"https:\/\/api.w.org\/{rel}","templated":true}]}}